{"id":3194,"date":"2025-04-10T06:36:25","date_gmt":"2025-04-10T06:36:25","guid":{"rendered":"https:\/\/bloomintdesign.com\/?page_id=3194"},"modified":"2025-04-10T09:07:07","modified_gmt":"2025-04-10T09:07:07","slug":"amenagement-interieur-a-barcelone","status":"publish","type":"page","link":"https:\/\/bloomintdesign.com\/fr\/amenagement-interieur-a-barcelone\/","title":{"rendered":"Am\u00e9nagement int\u00e9rieur \u00e0 Barcelone"},"content":{"rendered":"\n<p><section class=\"h-home-slide-1 w-full relative js-group-1\">\r\n\t\t        \r\n\t<video class=\"js-video-h block w-full absolute pin-t pin-l object-cover z-0 h-full hidden lg:block\" autoplay=\"\" loop=\"\" muted=\"\" playsinline=\"\" poster=\"\">\r\n\t\t\t\r\n\t\t<source data-src=\"https:\/\/bloomintdesign.com\/wp-content\/uploads\/2025\/02\/Diseno-sin-titulo-1.mp4?raw=1\" type=\"video\/mp4\" src=\"https:\/\/bloomintdesign.com\/wp-content\/uploads\/2025\/02\/Diseno-sin-titulo-1.mp4?raw=1\">\r\n\t<\/video>\t\t\r\n\t<video class=\"js-video-v block w-full absolute pin-t pin-l object-cover z-0 h-full lg:hidden\" autoplay=\"\" loop=\"\" muted=\"\" playsinline=\"\" poster=\"\">\r\n\t\t\t\r\n\t\t<source data-src=\"https:\/\/bloomintdesign.com\/wp-content\/uploads\/2025\/02\/Diseno-sin-titulo-1.mp4?raw=1\" type=\"video\/mp4\">\r\n\t<\/video>\t\t\r\n\t\t    <\/section><\/p>\n\n\n\n<p><div class=\"py-2 px-5 w-full hidden lg:block\">\n\t\t\t\t\n\t\t\t\t<div class=\"flex justify-end items-center w-full\">\n\t\t\t\t\t\n\t\t\t\t\t<div class=\"border-t uppercase w-56 compressed\">\n\t\n\t\n\t<a href=\"http:\/\/eepurl.com\/dIdsH5\" class=\"leading-none border-b py-2 whitespace-nowrap arrow-after block\" target=\"_blank\" rel=\"noopener\">S\u2019inscrire<\/a>\n<\/div>\n\t\t\t\t<\/div>\n\t\t\t<\/div><\/p>\n\n\n\n<div style=\"height:80px\" aria-hidden=\"true\" class=\"wp-block-spacer\"><\/div>\n\n\n\n<h1 class=\"wp-block-heading has-text-align-center ticss-b21cb8a8\">Studio de Design d\u2019Int\u00e9rieur \u00e0 Barcelone : Des Espaces Qui Inspirent<\/h1>\n\n\n\n<div style=\"height:27px\" aria-hidden=\"true\" class=\"wp-block-spacer\"><\/div>\n\n\n\n<div class=\"wp-block-group texto2897 ticss-5101108e is-layout-constrained wp-block-group-is-layout-constrained\">\n<p class=\"has-text-align-right ticss-85b8c048\">Chez Bloomint Design, nous transformons les espaces r\u00e9sidentiels et commerciaux \u00e0 Barcelone avec une approche cr\u00e9ative, \u00e9quilibr\u00e9e et fonctionnelle. Notre studio de design d\u2019int\u00e9rieur allie esth\u00e9tique contemporaine, durabilit\u00e9 et exp\u00e9rience internationale pour concevoir des environnements uniques qui r\u00e9sonnent avec les personnes et leur mode de vie.<\/p>\n<\/div>\n\n\n\n<div style=\"height:100px\" aria-hidden=\"true\" class=\"wp-block-spacer\"><\/div>\n\n\n\n<p><section class=\"featured-projects px-4\">\n\t\n    \t<ul class=\"cases-grid  -mx-2 flex flex-wrap\">\n   \n   \t\t\t\n\t\t    \n<li class=\"case-list-item grid-item mb-4 px-2 w-full md:w-1\/2 lg:w-1\/3 2xl:w-1\/4 2-workspace all\">\n\t<a href=\"https:\/\/bloomintdesign.com\/case\/piaget-plo\/\">\n\t\t\n\t\t<div class=\"entry-thumb ratio-v mb-3 \">\n\t\t\t\n\t\t\t<div class=\"entry-thumb-background overflow-hidden\">\n\t\t\t\t\n\t\t\t\t<img decoding=\"async\" class=\"w-full h-full object-cover\" src=\"https:\/\/bloomintdesign.com\/wp-content\/uploads\/2023\/11\/Piaget_0-914x1280.jpg\" alt=\"\">\n\t\t\t<\/div>\n\t\t<\/div>\n\t\t<div class=\"flex w-full items-start justify-between compressed text-sm bottom-part\">\n\t\t\t\n\t\t\t<div class=\"w-1\/2 relative pl-5\">\n\t\t\t\t\n\t\t\t\t<div class=\"-rotate-vertical absolute z-0 origin-bottom-left number left-0 bottom-full w-8 text-right\">\n\t\t\t\t\t\n\t\t\t\t\tOO1\n\t\t\t\t<\/div>\n\t\t\t\tPiaget PLO<br>\n\t\t\t\t2022 Gen\u00e8ve, Suisse\n\t\t\t<\/div>\n\t\t\t<div class=\"w-1\/2\">\n\t\t\t\t\n\t\t\t\tEspace de travail<br>\n    \t\t\t1100m2\n\t\t\t<\/div>\n\t\t<\/div>\n\t<\/a>\n<\/li>\n<li class=\"case-list-item grid-item mb-4 px-2 w-full md:w-1\/2 lg:w-1\/3 2xl:w-1\/4 4-residential all\">\n\t<a href=\"https:\/\/bloomintdesign.com\/case\/villa-cap-roig\/\">\n\t\t\n\t\t<div class=\"entry-thumb ratio-v mb-3 \">\n\t\t\t\n\t\t\t<div class=\"entry-thumb-background overflow-hidden\">\n\t\t\t\t\n\t\t\t\t<img decoding=\"async\" class=\"w-full h-full object-cover\" src=\"https:\/\/bloomintdesign.com\/wp-content\/uploads\/2023\/07\/VillaCapRoig_00-914x1280.jpg\" alt=\"\">\n\t\t\t<\/div>\n\t\t<\/div>\n\t\t<div class=\"flex w-full items-start justify-between compressed text-sm bottom-part\">\n\t\t\t\n\t\t\t<div class=\"w-1\/2 relative pl-5\">\n\t\t\t\t\n\t\t\t\t<div class=\"-rotate-vertical absolute z-0 origin-bottom-left number left-0 bottom-full w-8 text-right\">\n\t\t\t\t\t\n\t\t\t\t\tOO2\n\t\t\t\t<\/div>\n\t\t\t\tVilla Cap Roig<br>\n\t\t\t\t2023 Empord\u00e0, Espagne\n\t\t\t<\/div>\n\t\t\t<div class=\"w-1\/2\">\n\t\t\t\t\n\t\t\t\tR\u00e9sidentiel<br>\n    \t\t\t500m2\n\t\t\t<\/div>\n\t\t<\/div>\n\t<\/a>\n<\/li>\n<li class=\"case-list-item grid-item mb-4 px-2 w-full md:w-1\/2 lg:w-1\/3 2xl:w-1\/4 4-residential all\">\n\t<a href=\"https:\/\/bloomintdesign.com\/case\/cala-santanyi\/\">\n\t\t\n\t\t<div class=\"entry-thumb ratio-v mb-3 \">\n\t\t\t\n\t\t\t<div class=\"entry-thumb-background overflow-hidden\">\n\t\t\t\t\n\t\t\t\t<img decoding=\"async\" class=\"w-full h-full object-cover\" src=\"https:\/\/bloomintdesign.com\/wp-content\/uploads\/2023\/06\/Bloomint_CalaSantanyi_0-914x1280.jpg\" alt=\"\">\n\t\t\t<\/div>\n\t\t<\/div>\n\t\t<div class=\"flex w-full items-start justify-between compressed text-sm bottom-part\">\n\t\t\t\n\t\t\t<div class=\"w-1\/2 relative pl-5\">\n\t\t\t\t\n\t\t\t\t<div class=\"-rotate-vertical absolute z-0 origin-bottom-left number left-0 bottom-full w-8 text-right\">\n\t\t\t\t\t\n\t\t\t\t\tOO3\n\t\t\t\t<\/div>\n\t\t\t\tCala Santany\u00ed<br>\n\t\t\t\t2021 Majorque, Espagne\n\t\t\t<\/div>\n\t\t\t<div class=\"w-1\/2\">\n\t\t\t\t\n\t\t\t\tR\u00e9sidentiel<br>\n    \t\t\t350m2\n\t\t\t<\/div>\n\t\t<\/div>\n\t<\/a>\n<\/li>\n<li class=\"case-list-item grid-item mb-4 px-2 w-full md:w-1\/2 lg:w-1\/3 2xl:w-1\/4 2-workspace all\">\n\t<a href=\"https:\/\/bloomintdesign.com\/case\/cghh-take-away\/\">\n\t\t\n\t\t<div class=\"entry-thumb ratio-v mb-3 \">\n\t\t\t\n\t\t\t<div class=\"entry-thumb-background overflow-hidden\">\n\t\t\t\t\n\t\t\t\t<img decoding=\"async\" class=\"w-full h-full object-cover\" src=\"https:\/\/bloomintdesign.com\/wp-content\/uploads\/2022\/11\/1.Bloomint_CGHH_014-914x1280.jpg\" alt=\"\">\n\t\t\t<\/div>\n\t\t<\/div>\n\t\t<div class=\"flex w-full items-start justify-between compressed text-sm bottom-part\">\n\t\t\t\n\t\t\t<div class=\"w-1\/2 relative pl-5\">\n\t\t\t\t\n\t\t\t\t<div class=\"-rotate-vertical absolute z-0 origin-bottom-left number left-0 bottom-full w-8 text-right\">\n\t\t\t\t\t\n\t\t\t\t\tOO4\n\t\t\t\t<\/div>\n\t\t\t\tCGHH Takeaway<br>\n\t\t\t\t2021 Gen\u00e8ve, Suisse\n\t\t\t<\/div>\n\t\t\t<div class=\"w-1\/2\">\n\t\t\t\t\n\t\t\t\tEspace de travail<br>\n    \t\t\t350m2\n\t\t\t<\/div>\n\t\t<\/div>\n\t<\/a>\n<\/li>\n    \t<\/ul>\n\t\t   \t   \n<\/section>\n<section id=\"bcorp\" class=\"bg-bcorp bg-cover flex flex-col justify-center items-center text-center border-t border-b pl-4 pr-4 pt-16 pb-12 mt-12 border-black\">\n    <img decoding=\"async\" src=\"https:\/\/bloomintdesign.com\/wp-content\/themes\/bloomint\/assets\/img\/logo-bcorp.png\" alt=\"Logo entreprise certifi\u00e9e\" class=\"mb-14\">\n    <h2 class=\"font-serif text-3xl mb-4\">Design d&#8217;int\u00e9rieur responsable<\/h2>\n    <p class=\"max-w-lg font-sans text-lg mb-8\"><\/p>\n    <a target=\"_blank\" href=\"https:\/\/www.bcorporation.net\/en-us\/find-a-b-corp\/company\/bloomint-design-sl\/\" class=\"flex gap-4 font-compressed font-normal uppercase text-lg\" rel=\"noopener\">\n    EN SAVOIR PLUS        <img decoding=\"async\" src=\"https:\/\/bloomintdesign.com\/wp-content\/themes\/bloomint\/assets\/img\/arrow-right-black.svg\" alt=\"Fl\u00e8che vers la droite noire\">\n    <\/a>\n<\/section>\n<section class=\"sustainable-section flex flex-col md:flex-row items-center justify-between px-4 py-10 gap-8 md:gap-12\" style=\"color: white;\">\n  \n\t<!-- Bloc de texte avec ID -->\n\t<div id=\"sustainable-text-block\" class=\"w-full md:w-1\/2\">\n\t\t<h1 class=\"font-serif text-3xl mb-4\" style=\"color: white;\">Barcelone<\/h1>\n\t\t<br><br>\n\t\t<p class=\"font-sans text-base mb-4\" style=\"color: white;\">\n\t\t  <strong>Email :<\/strong> <a href=\"mailto:barcelona@bloomintdesign.com\" class=\"text-blue-400\">barcelona@bloomintdesign.com<\/a>\n\t\t<\/p>\n\t\t<p class=\"font-sans text-base mb-4\" style=\"color: white;\">\n\t\t  <strong>Adresse :<\/strong> Carrer Pere IV 29\/35 1-4, 08018 Barcelone, Espagne\n\t\t<\/p>\n\t\t<p class=\"font-sans text-base mb-4\" style=\"color: white;\">\n\t\t  <strong>T\u00e9l\u00e9phone :<\/strong> +34 653 406 225\n\t\t<\/p>\n\t<\/div>\t  \n  \n\t<!-- Bloc d'image avec ID sans marge en bas -->\n\t<li class=\"case-list-item grid-item px-2 w-full md:w-1\/2 lg:w-1\/3 2xl:w-1\/4 2-workspace all\">\t\n\t\t\t<div class=\"entry-thumb ratio-v mb-3\">\n\t\t\t\t<div class=\"entry-thumb-background overflow-hidden\">\n\t\t\t\t\t<img decoding=\"async\" class=\"w-full h-full object-cover\" src=\"https:\/\/bloomintdesign.com\/wp-content\/uploads\/2023\/09\/Bloomint-Studio-01_m-1.png\" alt=\"\">\n\t\t\t\t<\/div>\n\t\t\t<\/div>\n\t<\/li>\n  \n<\/section><\/p>\n","protected":false},"excerpt":{"rendered":"<p>S\u2019inscrire Studio de Design d\u2019Int\u00e9rieur \u00e0 Barcelone : Des Espaces Qui Inspirent Chez Bloomint Design, nous transformons les espaces r\u00e9sidentiels et commerciaux \u00e0 Barcelone avec une approche cr\u00e9ative, \u00e9quilibr\u00e9e et fonctionnelle. Notre studio de design d\u2019int\u00e9rieur allie esth\u00e9tique contemporaine, durabilit\u00e9 et exp\u00e9rience internationale pour concevoir des environnements uniques qui r\u00e9sonnent avec les personnes et leur&nbsp; <a href=\"https:\/\/bloomintdesign.com\/fr\/amenagement-interieur-a-barcelone\/\">&hellip; Read more <i class=\"glyphicon glyphicon-arrow-right\"><\/i><\/a><\/p>\n","protected":false},"author":7,"featured_media":0,"parent":0,"menu_order":0,"comment_status":"closed","ping_status":"closed","template":"","meta":{"_acf_changed":false,"_themeisle_gutenberg_block_has_review":false,"footnotes":""},"class_list":["post-3194","page","type-page","status-publish","hentry"],"acf":[],"_links":{"self":[{"href":"https:\/\/bloomintdesign.com\/fr\/wp-json\/wp\/v2\/pages\/3194","targetHints":{"allow":["GET"]}}],"collection":[{"href":"https:\/\/bloomintdesign.com\/fr\/wp-json\/wp\/v2\/pages"}],"about":[{"href":"https:\/\/bloomintdesign.com\/fr\/wp-json\/wp\/v2\/types\/page"}],"author":[{"embeddable":true,"href":"https:\/\/bloomintdesign.com\/fr\/wp-json\/wp\/v2\/users\/7"}],"replies":[{"embeddable":true,"href":"https:\/\/bloomintdesign.com\/fr\/wp-json\/wp\/v2\/comments?post=3194"}],"version-history":[{"count":7,"href":"https:\/\/bloomintdesign.com\/fr\/wp-json\/wp\/v2\/pages\/3194\/revisions"}],"predecessor-version":[{"id":3259,"href":"https:\/\/bloomintdesign.com\/fr\/wp-json\/wp\/v2\/pages\/3194\/revisions\/3259"}],"wp:attachment":[{"href":"https:\/\/bloomintdesign.com\/fr\/wp-json\/wp\/v2\/media?parent=3194"}],"curies":[{"name":"wp","href":"https:\/\/api.w.org\/{rel}","templated":true}]}}

Aménagement intérieur à Barcelone

<p><section class="h-home-slide-1 w-full relative js-group-1">
		        
	<video class="js-video-h block w-full absolute pin-t pin-l object-cover z-0 h-full hidden lg:block" autoplay="" loop="" muted="" playsinline="" poster="">
			
		<source data-src="https://bloomintdesign.com/wp-content/uploads/2025/02/Diseno-sin-titulo-1.mp4?raw=1" type="video/mp4" src="https://bloomintdesign.com/wp-content/uploads/2025/02/Diseno-sin-titulo-1.mp4?raw=1">
	</video>		
	<video class="js-video-v block w-full absolute pin-t pin-l object-cover z-0 h-full lg:hidden" autoplay="" loop="" muted="" playsinline="" poster="">
			
		<source data-src="https://bloomintdesign.com/wp-content/uploads/2025/02/Diseno-sin-titulo-1.mp4?raw=1" type="video/mp4">
	</video>		
		    </section></p>



<p><div class="py-2 px-5 w-full hidden lg:block">
				
				<div class="flex justify-end items-center w-full">
					
					<div class="border-t uppercase w-56 compressed">
	
	
	<a href="http://eepurl.com/dIdsH5" class="leading-none border-b py-2 whitespace-nowrap arrow-after block" target="_blank" rel="noopener">S’inscrire</a>
</div>
				</div>
			</div></p>



<div style="height:80px" aria-hidden="true" class="wp-block-spacer"></div>



<h1 class="wp-block-heading has-text-align-center ticss-b21cb8a8">Studio de Design d’Intérieur à Barcelone : Des Espaces Qui Inspirent</h1>



<div style="height:27px" aria-hidden="true" class="wp-block-spacer"></div>



<div class="wp-block-group texto2897 ticss-5101108e is-layout-constrained wp-block-group-is-layout-constrained">
<p class="has-text-align-right ticss-85b8c048">Chez Bloomint Design, nous transformons les espaces résidentiels et commerciaux à Barcelone avec une approche créative, équilibrée et fonctionnelle. Notre studio de design d’intérieur allie esthétique contemporaine, durabilité et expérience internationale pour concevoir des environnements uniques qui résonnent avec les personnes et leur mode de vie.</p>
</div>



<div style="height:100px" aria-hidden="true" class="wp-block-spacer"></div>



<p><section class="featured-projects px-4">
	
    	<ul class="cases-grid  -mx-2 flex flex-wrap">
   
   			
		    
<li class="case-list-item grid-item mb-4 px-2 w-full md:w-1/2 lg:w-1/3 2xl:w-1/4 2-workspace all">
	<a href="https://bloomintdesign.com/case/piaget-plo/">
		
		<div class="entry-thumb ratio-v mb-3 ">
			
			<div class="entry-thumb-background overflow-hidden">
				
				<img decoding="async" class="w-full h-full object-cover" src="https://bloomintdesign.com/wp-content/uploads/2023/11/Piaget_0-914x1280.jpg" alt="">
			</div>
		</div>
		<div class="flex w-full items-start justify-between compressed text-sm bottom-part">
			
			<div class="w-1/2 relative pl-5">
				
				<div class="-rotate-vertical absolute z-0 origin-bottom-left number left-0 bottom-full w-8 text-right">
					
					OO1
				</div>
				Piaget PLO<br>
				2022 Genève, Suisse
			</div>
			<div class="w-1/2">
				
				Espace de travail<br>
    			1100m2
			</div>
		</div>
	</a>
</li>
<li class="case-list-item grid-item mb-4 px-2 w-full md:w-1/2 lg:w-1/3 2xl:w-1/4 4-residential all">
	<a href="https://bloomintdesign.com/case/villa-cap-roig/">
		
		<div class="entry-thumb ratio-v mb-3 ">
			
			<div class="entry-thumb-background overflow-hidden">
				
				<img decoding="async" class="w-full h-full object-cover" src="https://bloomintdesign.com/wp-content/uploads/2023/07/VillaCapRoig_00-914x1280.jpg" alt="">
			</div>
		</div>
		<div class="flex w-full items-start justify-between compressed text-sm bottom-part">
			
			<div class="w-1/2 relative pl-5">
				
				<div class="-rotate-vertical absolute z-0 origin-bottom-left number left-0 bottom-full w-8 text-right">
					
					OO2
				</div>
				Villa Cap Roig<br>
				2023 Empordà, Espagne
			</div>
			<div class="w-1/2">
				
				Résidentiel<br>
    			500m2
			</div>
		</div>
	</a>
</li>
<li class="case-list-item grid-item mb-4 px-2 w-full md:w-1/2 lg:w-1/3 2xl:w-1/4 4-residential all">
	<a href="https://bloomintdesign.com/case/cala-santanyi/">
		
		<div class="entry-thumb ratio-v mb-3 ">
			
			<div class="entry-thumb-background overflow-hidden">
				
				<img decoding="async" class="w-full h-full object-cover" src="https://bloomintdesign.com/wp-content/uploads/2023/06/Bloomint_CalaSantanyi_0-914x1280.jpg" alt="">
			</div>
		</div>
		<div class="flex w-full items-start justify-between compressed text-sm bottom-part">
			
			<div class="w-1/2 relative pl-5">
				
				<div class="-rotate-vertical absolute z-0 origin-bottom-left number left-0 bottom-full w-8 text-right">
					
					OO3
				</div>
				Cala Santanyí<br>
				2021 Majorque, Espagne
			</div>
			<div class="w-1/2">
				
				Résidentiel<br>
    			350m2
			</div>
		</div>
	</a>
</li>
<li class="case-list-item grid-item mb-4 px-2 w-full md:w-1/2 lg:w-1/3 2xl:w-1/4 2-workspace all">
	<a href="https://bloomintdesign.com/case/cghh-take-away/">
		
		<div class="entry-thumb ratio-v mb-3 ">
			
			<div class="entry-thumb-background overflow-hidden">
				
				<img decoding="async" class="w-full h-full object-cover" src="https://bloomintdesign.com/wp-content/uploads/2022/11/1.Bloomint_CGHH_014-914x1280.jpg" alt="">
			</div>
		</div>
		<div class="flex w-full items-start justify-between compressed text-sm bottom-part">
			
			<div class="w-1/2 relative pl-5">
				
				<div class="-rotate-vertical absolute z-0 origin-bottom-left number left-0 bottom-full w-8 text-right">
					
					OO4
				</div>
				CGHH Takeaway<br>
				2021 Genève, Suisse
			</div>
			<div class="w-1/2">
				
				Espace de travail<br>
    			350m2
			</div>
		</div>
	</a>
</li>
    	</ul>
		   	   
</section>
<section id="bcorp" class="bg-bcorp bg-cover flex flex-col justify-center items-center text-center border-t border-b pl-4 pr-4 pt-16 pb-12 mt-12 border-black">
    <img decoding="async" src="https://bloomintdesign.com/wp-content/themes/bloomint/assets/img/logo-bcorp.png" alt="Logo entreprise certifiée" class="mb-14">
    <h2 class="font-serif text-3xl mb-4">Design d&#8217;intérieur responsable</h2>
    <p class="max-w-lg font-sans text-lg mb-8"></p>
    <a target="_blank" href="https://www.bcorporation.net/en-us/find-a-b-corp/company/bloomint-design-sl/" class="flex gap-4 font-compressed font-normal uppercase text-lg" rel="noopener">
    EN SAVOIR PLUS        <img decoding="async" src="https://bloomintdesign.com/wp-content/themes/bloomint/assets/img/arrow-right-black.svg" alt="Flèche vers la droite noire">
    </a>
</section>
<section class="sustainable-section flex flex-col md:flex-row items-center justify-between px-4 py-10 gap-8 md:gap-12" style="color: white;">
  
	<!-- Bloc de texte avec ID -->
	<div id="sustainable-text-block" class="w-full md:w-1/2">
		<h1 class="font-serif text-3xl mb-4" style="color: white;">Barcelone</h1>
		<br><br>
		<p class="font-sans text-base mb-4" style="color: white;">
		  <strong>Email :</strong> <a href="mailto:barcelona@bloomintdesign.com" class="text-blue-400">barcelona@bloomintdesign.com</a>
		</p>
		<p class="font-sans text-base mb-4" style="color: white;">
		  <strong>Adresse :</strong> Carrer Pere IV 29/35 1-4, 08018 Barcelone, Espagne
		</p>
		<p class="font-sans text-base mb-4" style="color: white;">
		  <strong>Téléphone :</strong> +34 653 406 225
		</p>
	</div>	  
  
	<!-- Bloc d'image avec ID sans marge en bas -->
	<li class="case-list-item grid-item px-2 w-full md:w-1/2 lg:w-1/3 2xl:w-1/4 2-workspace all">	
			<div class="entry-thumb ratio-v mb-3">
				<div class="entry-thumb-background overflow-hidden">
					<img decoding="async" class="w-full h-full object-cover" src="https://bloomintdesign.com/wp-content/uploads/2023/09/Bloomint-Studio-01_m-1.png" alt="">
				</div>
			</div>
	</li>
  
</section></p>

<p>S’inscrire Studio de Design d’Intérieur à Barcelone : Des Espaces Qui Inspirent Chez Bloomint Design, nous transformons les espaces résidentiels et commerciaux à Barcelone avec une approche créative, équilibrée et fonctionnelle. Notre studio de design d’intérieur allie esthétique contemporaine, durabilité et expérience internationale pour concevoir des environnements uniques qui résonnent avec les personnes et leur&nbsp; <a href="https://bloomintdesign.com/fr/amenagement-interieur-a-barcelone/">&hellip; Read more <i class="glyphicon glyphicon-arrow-right"></i></a></p>
